vert -6 (base 9) to base 8.
-6
What is 10 (base 2) in base 16?
2
-31 (base 6) to base 15
-14
What is -5 (base 10) in base 13?
-5
What is -151 (base 14) in base 2?
-100001011
What is -100 (base 5) in base 4?
-121
What is -2100 (base 4) in base 3?
-12100
-201 (base 9) to base 7
-322
Convert -4 (base 6) to base 3.
-11
-345 (base 9) to base 14
-164
Convert 24 (base 15) to base 9.
37
-211 (base 3) to base 10
-22
What is 0 (base 4) in base 13?
0
What is 100100 (base 2) in base 14?
28
Convert -15 (base 6) to base 13.
-b
Convert 10 (base 9) to base 7.
12
What is 33 (base 13) in base 12?
36
101 (base 7) to base 15
35
Convert -101 (base 3) to base 8.
-12
Convert 155 (base 7) to base 9.
108
What is -20 (base 10) in base 16?
-14
Convert 42 (base 5) to base 3.
211
What is 121 (base 3) in base 2?
10000
What is -32 (base 5) in base 16?
-11
-115 (base 13) to base 11
-160
Convert -25 (base 7) to base 3.
-201
Convert -1 (base 6) to base 15.
-1
-d (base 15) to base 3
-111
Convert 9 (base 11) to base 8.
11
Convert -2 (base 6) to base 11.
-2
What is -23 (base 5) in base 12?
-11
What is 3 (base 14) in base 7?
3
-3201 (base 4) to base 11
-195
Convert -3 (base 11) to base 9.
-3
Convert -301 (base 9) to base 2.
-11110100
What is 1 (base 14) in base 13?
1
6 (base 15) to base 5
11
Convert -1 (base 12) to base 3.
-1
403 (base 5) to base 15
6d
-46 (base 14) to base 9
-68
Convert 0 (base 2) to base 13.
0
Convert -c6 (base 16) to base 8.
-306
Convert 2111 (base 5) to base 12.
1b5
What is -3 (base 4) in base 14?
-3
Convert 232 (base 10) to base 16.
e8
Convert -55 (base 13) to base 14.
-50
3a (base 11) to base 12
37
What is -7 (base 15) in base 8?
-7
What is 21 (base 4) in base 13?
9
199 (base 11) to base 7
445
Convert 11 (base 4) to base 8.
5
Convert 0 (base 14) to base 15.
0
What is 24 (base 13) in base 3?
1010
What is 7 (base 15) in base 11?
7
Convert -116 (base 8) to base 6.
-210
6 (base 12) to base 6
10
What is 32 (base 15) in base 2?
101111
Convert 29 (base 10) to base 4.
131
What is 0 (base 11) in base 2?
0
2 (base 9) to base 11
2
-80 (base 14) to base 9
-134
Convert -1101000 (base 2) to base 9.
-125
Convert -5 (base 7) to base 9.
-5
What is -3 (base 16) in base 3?
-10
What is -35 (base 11) in base 6?
-102
-34 (base 5) to base 8
-23
-9 (base 11) to base 4
-21
6 (base 7) to base 3
20
Convert -134 (base 8) to base 6.
-232
6 (base 7) to base 12
6
What is -1102 (base 3) in base 5?
-123
-1001100 (base 2) to base 11
-6a
What is -73 (base 12) in base 15?
-5c
Convert -3 (base 8) to base 11.
-3
11 (base 4) to base 2
101
What is 0 (base 14) in base 9?
0
0 (base 11) to base 16
0
Convert -13 (base 8) to base 13.
-b
-234 (base 5) to base 14
-4d
Convert -16a (base 15) to base 9.
-401
-47 (base 15) to base 11
-61
Convert 8 (base 16) to base 5.
13
What is -c (base 16) in base 4?
-30
1 (base 12) to base 8
1
23 (base 6) to base 10
15
What is -10 (base 10) in base 6?
-14
What is -30 (base 10) in base 11?
-28
What is 0 (base 7) in base 8?
0
68 (base 11) to base 13
59
What is 252 (base 7) in base 12?
b3
What is -c (base 16) in base 4?
-30
111 (base 5) to base 4
133
Convert -24 (base 8) to base 16.
-14
-97 (base 11) to base 13
-82
-1 (base 11) to base 9
-1
What is 4 (base 11) in base 10?
4
21102 (base 3) to base 14
104
Convert 1000110 (base 2) to base 15.
4a
What is -35 (base 15) in base 12?
-42
What is 3 (base 8) in base 14?
3
Convert -15c (base 13) to base 5.
-1441
What is 7 (base 14) in base 2?
111
104 (base 5) to base 7
41
Convert -2 (base 3) to base 15.
-2
Convert 3 (base 10) to base 6.
3
Convert -3 (base 16) to base 11.
-3
174 (base 13) to base 6
1120
-1111 (base 2) to base 7
-21
101111 (base 2) to base 12
3b
What is -3 (base 6) in base 16?
-3
42 (base 9) to base 15
28
What is 3 (base 15) in base 3?
10
What is 11e (base 16) in base 13?
190
52 (base 12) to base 14
46
8 (base 13) to base 16
8
30 (base 8) to base 5
44
What is 187 (base 11) in base 4?
3120
-10 (base 3) to base 13
-3
What is 1 (base 4) in base 12?
1
What is -1 (base 8) in base 5?
-1
Convert -100010 (base 3) to base 6.
-1050
Convert -1 (base 8) to base 7.
-1
What is -16 (base 10) in base 12?
-14
1 (base 6) to base 3
1
What is 0 (base 7) in base 8?
0
Convert -d7 (base 16) to base 4.
-3113
What is -1010 (base 3) in base 6?
-50
What is 110 (base 4) in base 9?
22
Convert 22 (base 5) to base 14.
c
What is 14 (base 12) in base 6?
24
Convert 2 (base 5) to base 3.
2
Convert -1 (base 13) to base 10.
-1
25 (base 6) to base 14
13
-10110 (base 2) to base 13
-19
36 (base 11) to base 15
29
12 (base 6) to base 2
1000
What is -8 (base 15) in base 10?
-8
What is 5b (base 14) in base 7?
144
7 (base 15) to base 4
13
-32 (base 5) to base 12
-15
Convert -b (base 13) to base 2.
-1011
What is 131 (base 13) in base 5?
1314
Convert -14 (base 9) to base 14.
-d
What is 2 (base 4) in base 11?
2
Convert 0 (base 6) to base 16.
0
What is 9 (base 14) in base 11?
9
12 (base 4) to base 7
6
-1 (base 11) to base 6
-1
Convert 2 (base 15) to base 5.
2
Convert -9 (base 16) to base 4.
-21
111 (base 2) to base 8
7
a7 (base 16) to base 9
205
Convert 7 (base 11) to base 15.
7
5 (base 9) to base 14
5
Convert 1100 (base 3) to base 5.
121
What is -15 (base 6) in base 14?
-b
What is -a (base 16) in base 10?
-10
Convert -36 (base 12) to base 15.
-2c
Convert 2 (base 12) to base 11.
2
What is 1 (base 3) in base 16?
1
What is -22 (base 6) in base 14?
-10
Convert 150 (base 10) to base 16.
96
What is 2 (base 3) in base 8?
2
What is -2 (base 3) in base 15?
-2
-2 (base 9) to base 15
-2
Convert 24 (base 5) to base 8.
16
322 (base 8) to base 16
d2
-ab (base 13) to base 10
-141
What is -2 (base 9) in base 13?
-2
-1 (base 11) to base 13
-1
What is 36 (base 9) in base 14?
25
2 (base 6) to base 16
2
What is 4 (base 14) in base 11?
4
Convert 52 (base 12) to base 15.
42
What is -11111 (base 2) in base 15?
-21
Convert 131 (base 6) to base 4.
313
What is 21 (base 4) in base 14?
9
-16 (base 8) to base 10
-14
What is 234 (base 5) in base 11?
63
Convert 0 (base 14) to base 13.
0
Convert 1 (base 2) to base 4.
1
Convert 27 (base 15) to base 8.
45
Convert -4 (base 8) to base 3.
-11
-13 (base 14) to base 15
-12
-4 (base 12) to base 7
-4
What is 21 (base 4) in base 7?
12
-626 (base 7) to base 16
-13a
What is 4 (base 14) in base 2?
100
What is 173 (base 9) in base 8?
223
What is 7 (base 10) in base 15?
7
What is 6 (base 8) in base 3?
20
What is -60 (base 14) in base 8?
-124
2b (base 15) to base 9
45
6 (base 9) to base 15
6
What is 38 (base 13) in base 7?
65
-215 (base 6) to base 14
-5d
What is -1 (base 2) in base 10?
-1
Convert -145 (base 11) to base 6.
-442
Convert 41 (base 7) to base 15.
1e
Convert -15 (base 15) to base 9.
-22
Convert 210 (base 5) to base 3.
2001
What is 0 (base 13) in base 15?
0
Convert -6 (base 16) to base 7.
-6
-2 (base 13) to base 2
-10
-1 (base 10) to base 2
-1
-11a (base 14) to base 11
-190
Convert -7 (base 10) to base 14.
-7
What is 1 (base 12) in base 14?
1
8 (base 9) to base 11
8
Convert -15 (base 11) to base 8.
-20
What is -1 (base 10) in base 13?
-1
81 (base 11) to base 8
131
What is 2 (base 11) in base 12?
2
-1 (base 13) to base 7
-1
What is 78 (base 16) in base 7?
231
Convert 0 (base 14) to base 6.
0
What is 3 (base 15) in base 4?
3
What is 22 (base 9) in base 8?
24
-161 (base 9) to base 11
-114
Convert -100010 (base 2) to base 13.
-28
-56 (base 12) to base 15
-46
25 (base 11) to base 10
27
Convert 3 (base 12) to base 6.
3
434 (base 5) to base 3
11102
Convert d (base 14) to base 4.
31
Convert 10001011 (base 2) to base 8.
213
Convert 1 (base 4) to base 14.
1
Convert -1021 (base 3) to base 13.
-28
What is 36 (base 7) in base 8?
33
Convert -26 (base 7) to base 3.
-202
What is 1100 (base 2) in base 3?
110
Convert -2a (base 11) to base 10.
-32
5 (base 8) to base 15
5
Convert -4 (base 6) to base 3.
-11
544 (base 6) to base 9
251
Convert -3 (base 7) to base 15.
-3
-38 (base 9) to base 6
-55
What is -6 (base 7) in base 2?
-110
23 (base 10) to base 5
43
20020 (base 3) to base 10
168
1026 (base 7) to base 4
11223
Convert 14 (base 11) to base 16.
f
Convert 110 (base 3) to base 9.
13
What is 10020 (base 3) in base 16?
57
What is 3 (base 4) in base 10?
3
-2 (base 13) to base 5
-2
Convert 299 (base 11) to base 8.
536
What is -45 (base 7) in base 3?
-1020
Convert 52 (base 7)